{"id":1234,"date":"2020-02-18T17:52:44","date_gmt":"2020-02-18T16:52:44","guid":{"rendered":"http:\/\/ecologieprovence.org\/?page_id=1234"},"modified":"2020-02-18T17:52:44","modified_gmt":"2020-02-18T16:52:44","slug":"stand-danimations","status":"publish","type":"page","link":"https:\/\/www.ecologieprovence.org\/index.php\/stand-danimations\/","title":{"rendered":"Stand d&rsquo;animations"},"content":{"rendered":"<p>La <a href=\"http:\/\/ecologieprovence.org\/\">Maison de l&rsquo;Ecologie Provence<\/a> vous propose des <span style=\"color: #008080;\">stands ludiques <\/span>et <span style=\"color: #008080;\">vari\u00e9s<\/span> lors de vos \u00e9v\u00e9nements en fonction de vos envies et du publics.<\/p>\n<p>&nbsp;<\/p>\n<h4><span style=\"color: #008080;\">Stands propos\u00e9s :<\/span><\/h4>\n<ul>\n<li><span style=\"color: #008080;\">Travaux pratiques<\/span> <a href=\"https:\/\/www.lairetmoi.org\/accueil.html\">L&rsquo;Air et Moi\u00a0<\/a>sur l&rsquo;importance de l&rsquo;air<\/li>\n<li><span style=\"color: #008080;\">Animations de sensibilisation<\/span> \u00e0 la qualit\u00e9 de l&rsquo;air <a href=\"https:\/\/www.lairetmoi.org\/accueil.html\">L&rsquo;Air et Moi\u00a0<\/a>(diff\u00e9rentes th\u00e9matiques abordables en fonction de l&rsquo;\u00e9v\u00e9nement)<\/li>\n<li><span style=\"color: #008080;\">Animations de sensibilisation <span style=\"color: #808080;\">autour du <a href=\"http:\/\/www.calanques-parcnational.fr\/fr\">Parc national des Calanques<\/a> avec le programme p\u00e9dagogique <a href=\"http:\/\/www.calanques-parcnational.fr\/fr\/des-actions\/sensibiliser-et-informer\/actions-deducation-lenvironnement\/projets-educalanques\/les\">Les Calanques et Nous<\/a><\/span><\/span><\/li>\n<li><span style=\"color: #008080;\">Animations de sensibilisation <a href=\"http:\/\/ecologieprovence.org\/index.php\/leau-et-moi\/\">L&rsquo;Eau et Moi<\/a> <span style=\"color: #808080;\">li\u00e9es aux enjeux de pr\u00e9servation, d\u2019acc\u00e8s,\u00a0d\u2019utilisation\u00a0et\u00a0de partage de l\u2019eau.<\/span><\/span><\/li>\n<\/ul>\n<p>&nbsp;<\/p>\n<h4><span style=\"color: #008080;\">Tarifs indicatifs :\u00a0<\/span><\/h4>\n<ul>\n<li>Sur devis: 300\u20ac\/jour<\/li>\n<li>Frais de d\u00e9placements: 0.51\u20ac\/km au-del\u00e0 de 20km<\/li>\n<\/ul>\n","protected":false},"excerpt":{"rendered":"<p>La Maison de l&rsquo;Ecologie Provence vous propose des stands ludiques et vari\u00e9s lors de vos \u00e9v\u00e9nements en fonction de vos envies et du publics. &nbsp; Stands propos\u00e9s : Travaux pratiques L&rsquo;Air et Moi\u00a0sur l&rsquo;importance de l&rsquo;air Animations de sensibilisation \u00e0 la qualit\u00e9 de l&rsquo;air L&rsquo;Air et Moi\u00a0(diff\u00e9rentes th\u00e9matiques abordables en fonction de l&rsquo;\u00e9v\u00e9nement) Animations de&hellip; <br \/> <a class=\"button small blue\" href=\"https:\/\/www.ecologieprovence.org\/index.php\/stand-danimations\/\">Lire la suite<\/a><\/p>\n","protected":false},"author":1,"featured_media":0,"parent":0,"menu_order":0,"comment_status":"closed","ping_status":"closed","template":"","meta":[],"yoast_head":"<!-- This site is optimized with the Yoast SEO plugin v19.7.1 - https:\/\/yoast.com\/wordpress\/plugins\/seo\/ -->\n<title>Stand d&#039;animations &bull; Maison Ecologie Provence<\/title>\n<meta name=\"robots\" content=\"index, follow, max-snippet:-1, max-image-preview:large, max-video-preview:-1\" \/>\n<link rel=\"canonical\" href=\"https:\/\/www.ecologieprovence.org\/index.php\/stand-danimations\/\" \/>\n<meta property=\"og:locale\" content=\"fr_FR\" \/>\n<meta property=\"og:type\" content=\"article\" \/>\n<meta property=\"og:title\" content=\"Stand d&#039;animations &bull; Maison Ecologie Provence\" \/>\n<meta property=\"og:description\" content=\"La Maison de l&rsquo;Ecologie Provence vous propose des stands ludiques et vari\u00e9s lors de vos \u00e9v\u00e9nements en fonction de vos envies et du publics. &nbsp; Stands propos\u00e9s : Travaux pratiques L&rsquo;Air et Moi\u00a0sur l&rsquo;importance de l&rsquo;air Animations de sensibilisation \u00e0 la qualit\u00e9 de l&rsquo;air L&rsquo;Air et Moi\u00a0(diff\u00e9rentes th\u00e9matiques abordables en fonction de l&rsquo;\u00e9v\u00e9nement) Animations de&hellip; Lire la suite\" \/>\n<meta property=\"og:url\" content=\"https:\/\/www.ecologieprovence.org\/index.php\/stand-danimations\/\" \/>\n<meta property=\"og:site_name\" content=\"Maison Ecologie Provence\" \/>\n<meta property=\"article:publisher\" content=\"https:\/\/www.facebook.com\/maisonecologieprovence\/\" \/>\n<meta name=\"twitter:card\" content=\"summary_large_image\" \/>\n<meta name=\"twitter:label1\" content=\"Dur\u00e9e de lecture estim\u00e9e\" \/>\n\t<meta name=\"twitter:data1\" content=\"1 minute\" \/>\n<script type=\"application\/ld+json\" class=\"yoast-schema-graph\">{\"@context\":\"https:\/\/schema.org\",\"@graph\":[{\"@type\":\"WebPage\",\"@id\":\"https:\/\/www.ecologieprovence.org\/index.php\/stand-danimations\/\",\"url\":\"https:\/\/www.ecologieprovence.org\/index.php\/stand-danimations\/\",\"name\":\"Stand d'animations &bull; Maison Ecologie Provence\",\"isPartOf\":{\"@id\":\"https:\/\/www.ecologieprovence.org\/#website\"},\"datePublished\":\"2020-02-18T16:52:44+00:00\",\"dateModified\":\"2020-02-18T16:52:44+00:00\",\"breadcrumb\":{\"@id\":\"https:\/\/www.ecologieprovence.org\/index.php\/stand-danimations\/#breadcrumb\"},\"inLanguage\":\"fr-FR\",\"potentialAction\":[{\"@type\":\"ReadAction\",\"target\":[\"https:\/\/www.ecologieprovence.org\/index.php\/stand-danimations\/\"]}]},{\"@type\":\"BreadcrumbList\",\"@id\":\"https:\/\/www.ecologieprovence.org\/index.php\/stand-danimations\/#breadcrumb\",\"itemListElement\":[{\"@type\":\"ListItem\",\"position\":1,\"name\":\"Accueil\",\"item\":\"https:\/\/www.ecologieprovence.org\/\"},{\"@type\":\"ListItem\",\"position\":2,\"name\":\"Stand d&rsquo;animations\"}]},{\"@type\":\"WebSite\",\"@id\":\"https:\/\/www.ecologieprovence.org\/#website\",\"url\":\"https:\/\/www.ecologieprovence.org\/\",\"name\":\"Maison Ecologie Provence\",\"description\":\"\",\"publisher\":{\"@id\":\"https:\/\/www.ecologieprovence.org\/#organization\"},\"potentialAction\":[{\"@type\":\"SearchAction\",\"target\":{\"@type\":\"EntryPoint\",\"urlTemplate\":\"https:\/\/www.ecologieprovence.org\/?s={search_term_string}\"},\"query-input\":\"required name=search_term_string\"}],\"inLanguage\":\"fr-FR\"},{\"@type\":\"Organization\",\"@id\":\"https:\/\/www.ecologieprovence.org\/#organization\",\"name\":\"Maison de L'Ecologie de Provence\",\"url\":\"https:\/\/www.ecologieprovence.org\/\",\"sameAs\":[\"https:\/\/www.linkedin.com\/company\/maison-de-l-ecologie-de-provence\",\"https:\/\/www.youtube.com\/channel\/UCLaOSLMkLPs5ge-JOo8-QeA\",\"https:\/\/www.facebook.com\/maisonecologieprovence\/\"],\"logo\":{\"@type\":\"ImageObject\",\"inLanguage\":\"fr-FR\",\"@id\":\"https:\/\/www.ecologieprovence.org\/#\/schema\/logo\/image\/\",\"url\":\"http:\/\/ecologieprovence.org\/wp-content\/uploads\/2019\/05\/v23-72-PPI.png\",\"contentUrl\":\"http:\/\/ecologieprovence.org\/wp-content\/uploads\/2019\/05\/v23-72-PPI.png\",\"width\":1004,\"height\":403,\"caption\":\"Maison de L'Ecologie de Provence\"},\"image\":{\"@id\":\"https:\/\/www.ecologieprovence.org\/#\/schema\/logo\/image\/\"}}]}<\/script>\n<!-- \/ Yoast SEO plugin. -->","yoast_head_json":{"title":"Stand d'animations &bull; Maison Ecologie Provence","robots":{"index":"index","follow":"follow","max-snippet":"max-snippet:-1","max-image-preview":"max-image-preview:large","max-video-preview":"max-video-preview:-1"},"canonical":"https:\/\/www.ecologieprovence.org\/index.php\/stand-danimations\/","og_locale":"fr_FR","og_type":"article","og_title":"Stand d'animations &bull; Maison Ecologie Provence","og_description":"La Maison de l&rsquo;Ecologie Provence vous propose des stands ludiques et vari\u00e9s lors de vos \u00e9v\u00e9nements en fonction de vos envies et du publics. &nbsp; Stands propos\u00e9s : Travaux pratiques L&rsquo;Air et Moi\u00a0sur l&rsquo;importance de l&rsquo;air Animations de sensibilisation \u00e0 la qualit\u00e9 de l&rsquo;air L&rsquo;Air et Moi\u00a0(diff\u00e9rentes th\u00e9matiques abordables en fonction de l&rsquo;\u00e9v\u00e9nement) Animations de&hellip; Lire la suite","og_url":"https:\/\/www.ecologieprovence.org\/index.php\/stand-danimations\/","og_site_name":"Maison Ecologie Provence","article_publisher":"https:\/\/www.facebook.com\/maisonecologieprovence\/","twitter_card":"summary_large_image","twitter_misc":{"Dur\u00e9e de lecture estim\u00e9e":"1 minute"},"schema":{"@context":"https:\/\/schema.org","@graph":[{"@type":"WebPage","@id":"https:\/\/www.ecologieprovence.org\/index.php\/stand-danimations\/","url":"https:\/\/www.ecologieprovence.org\/index.php\/stand-danimations\/","name":"Stand d'animations &bull; Maison Ecologie Provence","isPartOf":{"@id":"https:\/\/www.ecologieprovence.org\/#website"},"datePublished":"2020-02-18T16:52:44+00:00","dateModified":"2020-02-18T16:52:44+00:00","breadcrumb":{"@id":"https:\/\/www.ecologieprovence.org\/index.php\/stand-danimations\/#breadcrumb"},"inLanguage":"fr-FR","potentialAction":[{"@type":"ReadAction","target":["https:\/\/www.ecologieprovence.org\/index.php\/stand-danimations\/"]}]},{"@type":"BreadcrumbList","@id":"https:\/\/www.ecologieprovence.org\/index.php\/stand-danimations\/#breadcrumb","itemListElement":[{"@type":"ListItem","position":1,"name":"Accueil","item":"https:\/\/www.ecologieprovence.org\/"},{"@type":"ListItem","position":2,"name":"Stand d&rsquo;animations"}]},{"@type":"WebSite","@id":"https:\/\/www.ecologieprovence.org\/#website","url":"https:\/\/www.ecologieprovence.org\/","name":"Maison Ecologie Provence","description":"","publisher":{"@id":"https:\/\/www.ecologieprovence.org\/#organization"},"potentialAction":[{"@type":"SearchAction","target":{"@type":"EntryPoint","urlTemplate":"https:\/\/www.ecologieprovence.org\/?s={search_term_string}"},"query-input":"required name=search_term_string"}],"inLanguage":"fr-FR"},{"@type":"Organization","@id":"https:\/\/www.ecologieprovence.org\/#organization","name":"Maison de L'Ecologie de Provence","url":"https:\/\/www.ecologieprovence.org\/","sameAs":["https:\/\/www.linkedin.com\/company\/maison-de-l-ecologie-de-provence","https:\/\/www.youtube.com\/channel\/UCLaOSLMkLPs5ge-JOo8-QeA","https:\/\/www.facebook.com\/maisonecologieprovence\/"],"logo":{"@type":"ImageObject","inLanguage":"fr-FR","@id":"https:\/\/www.ecologieprovence.org\/#\/schema\/logo\/image\/","url":"http:\/\/ecologieprovence.org\/wp-content\/uploads\/2019\/05\/v23-72-PPI.png","contentUrl":"http:\/\/ecologieprovence.org\/wp-content\/uploads\/2019\/05\/v23-72-PPI.png","width":1004,"height":403,"caption":"Maison de L'Ecologie de Provence"},"image":{"@id":"https:\/\/www.ecologieprovence.org\/#\/schema\/logo\/image\/"}}]}},"_links":{"self":[{"href":"https:\/\/www.ecologieprovence.org\/index.php\/wp-json\/wp\/v2\/pages\/1234"}],"collection":[{"href":"https:\/\/www.ecologieprovence.org\/index.php\/wp-json\/wp\/v2\/pages"}],"about":[{"href":"https:\/\/www.ecologieprovence.org\/index.php\/wp-json\/wp\/v2\/types\/page"}],"author":[{"embeddable":true,"href":"https:\/\/www.ecologieprovence.org\/index.php\/wp-json\/wp\/v2\/users\/1"}],"replies":[{"embeddable":true,"href":"https:\/\/www.ecologieprovence.org\/index.php\/wp-json\/wp\/v2\/comments?post=1234"}],"version-history":[{"count":1,"href":"https:\/\/www.ecologieprovence.org\/index.php\/wp-json\/wp\/v2\/pages\/1234\/revisions"}],"predecessor-version":[{"id":1236,"href":"https:\/\/www.ecologieprovence.org\/index.php\/wp-json\/wp\/v2\/pages\/1234\/revisions\/1236"}],"wp:attachment":[{"href":"https:\/\/www.ecologieprovence.org\/index.php\/wp-json\/wp\/v2\/media?parent=1234"}],"curies":[{"name":"wp","href":"https:\/\/api.w.org\/{rel}","templated":true}]}}