{"id":1348,"date":"2020-06-05T14:14:58","date_gmt":"2020-06-05T12:14:58","guid":{"rendered":"http:\/\/ecologieprovence.org\/?page_id=1348"},"modified":"2020-07-08T16:08:46","modified_gmt":"2020-07-08T14:08:46","slug":"les-virus-et-nous","status":"publish","type":"page","link":"https:\/\/www.ecologieprovence.org\/index.php\/les-virus-et-nous\/","title":{"rendered":"Les Virus et Nous"},"content":{"rendered":"<p style=\"text-align: left;\">Depuis janvier 2020, une \u00e9pid\u00e9mie de <span style=\"color: #993366;\">Coronavirus (COVID-19) <\/span>se propage \u00e0 travers tous les continents du monde.<img loading=\"lazy\" class=\"alignright wp-image-1357\" src=\"http:\/\/ecologieprovence.org\/wp-content\/uploads\/2020\/06\/logoVeN-vecteur-frances.png\" width=\"217\" height=\"204\" srcset=\"https:\/\/www.ecologieprovence.org\/wp-content\/uploads\/2020\/06\/logoVeN-vecteur-frances.png 1163w, https:\/\/www.ecologieprovence.org\/wp-content\/uploads\/2020\/06\/logoVeN-vecteur-frances-300x283.png 300w, https:\/\/www.ecologieprovence.org\/wp-content\/uploads\/2020\/06\/logoVeN-vecteur-frances-1024x965.png 1024w, https:\/\/www.ecologieprovence.org\/wp-content\/uploads\/2020\/06\/logoVeN-vecteur-frances-768x724.png 768w, https:\/\/www.ecologieprovence.org\/wp-content\/uploads\/2020\/06\/logoVeN-vecteur-frances-1146x1080.png 1146w\" sizes=\"(max-width: 217px) 100vw, 217px\" \/><\/p>\n<p style=\"text-align: left;\">Apr\u00e8s avoir lanc\u00e9 \u00ab L\u2019Air et Moi \u00bb, un support p\u00e9dagogique destin\u00e9 aux enfants sur le th\u00e8me de la pollution de l\u2019air, la <a href=\"https:\/\/www.lairetmoi.org\/accueil.html\">F\u00e9d\u00e9ration l&rsquo;Air et Moi<\/a> lance \u00e0 pr\u00e9sent un tout nouveau programme de sensibilisation : <span style=\"color: #008080;\">Les Virus et Nous.<\/span><\/p>\n<p style=\"text-align: left;\"><span style=\"color: #008080;\">Les Virus et Nous<\/span> est un outil p\u00e9dagogique sous forme de diaporama interactif et ludique con\u00e7u pour aider les adultes \u00e0 expliquer aux enfants de 6 \u00e0 12 ans et au-del\u00e0, ce qu\u2019est un virus, une \u00e9pid\u00e9mie, une pand\u00e9mie, puis les raisons pour lesquelles un confinement ou une mise en quarantaine est n\u00e9cessaire ou non. En annexe, \u00e0 l&rsquo;adresse des adultes, des explications et renseignements plus scientifiques sur ce sujet sont donn\u00e9s.<\/p>\n<h4>\u00a0<\/h4>\n<h4><span style=\"color: #008080;\">L&rsquo;objectif g\u00e9n\u00e9ral du projet<\/span><\/h4>\n<ul>\n<li style=\"font-size: 18px; line-height: 27px; text-align: left;\">\u00a0R\u00e9duire les angoisses existantes autour de la mise en quarantaine, et de faire comprendre sa n\u00e9cessit\u00e9 lorsque cette derni\u00e8re devient n\u00e9cessaire<\/li>\n<li style=\"font-size: 18px; line-height: 27px; text-align: left;\">Faire comprendre l&rsquo;importance des gestes barri\u00e8res : lavage des mains, interdiction des attroupements, port du masque, fermeture d&rsquo;\u00e9coles, interdiction de services religieux, fermeture de divertissements publics, interdiction d&rsquo;affluence dans les commerces.<\/li>\n<\/ul>\n<p id=\"\">Notre projet est d\u2019adapter, traduire et diffuser le programme <span style=\"color: #008080;\">Les Virus et Nous<\/span>. En effet, nous souhaiterions \u00e9galement \u00e9laborer une version destin\u00e9e par la suite aux lyc\u00e9ens.<\/p>\n<p style=\"text-align: left;\">Disponible en t\u00e9l\u00e9chargement gratuit ou en lecture directe sur le site internet de la FAEM, cet outil est \u00e0 la disposition des professeurs, \u00e9ducateurs et parents. Il est \u00e9galement vecteur d&rsquo;organisation d\u2019\u00e9v\u00e9nements \u00e0 vocation p\u00e9dagogique, \u00e0 tout niveau d\u2019apprentissage :<\/p>\n<ul>\n<li style=\"text-align: left;\">\u00e9coles<\/li>\n<li style=\"text-align: left;\">coll\u00e8ges<\/li>\n<li style=\"text-align: left;\">lyc\u00e9es<\/li>\n<\/ul>\n<p style=\"text-align: left;\">Ce support p\u00e9dagogique permet \u00e0 la fois d&rsquo;expliquer et de dialoguer autour de la th\u00e9matique, d&rsquo;appliquer les gestes barri\u00e8res et d\u2019expliquer la distanciation sociale physique. Il sera tr\u00e8s prochainement traduit en arabe, italien, espagnol et anglais.<\/p>\n<p style=\"text-align: center;\">\u00a0<\/p>\n<h5 style=\"text-align: center;\">\ud83d\udc49<a href=\"https:\/\/onedrive.live.com\/view.aspx?resid=8F8FC54DE2D59B63!107&amp;ithint=file%2cpptx&amp;authkey=!AM13Ijnzq2tE8SI\">Lancez le diaporama !<\/a><\/h5>\n<p style=\"text-align: center;\">Juste votre navigateur web<\/p>\n<h5 style=\"text-align: center;\">\ud83d\udc49<span style=\"color: #008080;\"> T\u00e9l\u00e9chargez<\/span><\/h5>\n<p style=\"text-align: center;\"><a href=\"https:\/\/airandme.org\/fr\/les-virus-et-nous\/\"><img loading=\"lazy\" class=\"size-full wp-image-1449 aligncenter\" src=\"http:\/\/ecologieprovence.org\/wp-content\/uploads\/2020\/07\/DownloadIconSmal.png\" alt=\"\" width=\"140\" height=\"140\" \/><\/a><br \/>\u00a0<\/p>\n<p>&nbsp;<\/p>\n<h3 class=\"wpsestyles green-message\" style=\"text-align: center;\">Avec le soutien de la<span style=\"color: #ffffff;\"><span style=\"color: #008080;\"> <a href=\"https:\/\/www.annalindhfoundation.org\/fr\" style=\"color: #008080;\">Fondation Anna Lindh<\/a><\/span>, la<\/span> FAEM souhaite que le projet <span style=\"color: #008080;\">Les Virus et Nous<\/span> devienne un exemple de coop\u00e9ration et de partage, et plus particuli\u00e8rement \u00e0 l&rsquo;\u00e9chelle euro-m\u00e9diterran\u00e9enne<\/h3>\n","protected":false},"excerpt":{"rendered":"<p>Depuis janvier 2020, une \u00e9pid\u00e9mie de Coronavirus (COVID-19) se propage \u00e0 travers tous les continents du monde. Apr\u00e8s avoir lanc\u00e9 \u00ab L\u2019Air et Moi \u00bb, un support p\u00e9dagogique destin\u00e9 aux enfants sur le th\u00e8me de la pollution de l\u2019air, la F\u00e9d\u00e9ration l&rsquo;Air et Moi lance \u00e0 pr\u00e9sent un tout nouveau programme de sensibilisation : Les&hellip; <br \/> <a class=\"button small blue\" href=\"https:\/\/www.ecologieprovence.org\/index.php\/les-virus-et-nous\/\">Lire la suite<\/a><\/p>\n","protected":false},"author":1,"featured_media":0,"parent":0,"menu_order":0,"comment_status":"closed","ping_status":"closed","template":"","meta":[],"yoast_head":"<!-- This site is optimized with the Yoast SEO plugin v19.7.1 - https:\/\/yoast.com\/wordpress\/plugins\/seo\/ -->\n<title>Les Virus et Nous &bull; Maison Ecologie Provence<\/title>\n<meta name=\"robots\" content=\"index, follow, max-snippet:-1, max-image-preview:large, max-video-preview:-1\" \/>\n<link rel=\"canonical\" href=\"https:\/\/www.ecologieprovence.org\/index.php\/les-virus-et-nous\/\" \/>\n<meta property=\"og:locale\" content=\"fr_FR\" \/>\n<meta property=\"og:type\" content=\"article\" \/>\n<meta property=\"og:title\" content=\"Les Virus et Nous &bull; Maison Ecologie Provence\" \/>\n<meta property=\"og:description\" content=\"Depuis janvier 2020, une \u00e9pid\u00e9mie de Coronavirus (COVID-19) se propage \u00e0 travers tous les continents du monde. Apr\u00e8s avoir lanc\u00e9 \u00ab L\u2019Air et Moi \u00bb, un support p\u00e9dagogique destin\u00e9 aux enfants sur le th\u00e8me de la pollution de l\u2019air, la F\u00e9d\u00e9ration l&rsquo;Air et Moi lance \u00e0 pr\u00e9sent un tout nouveau programme de sensibilisation : Les&hellip; Lire la suite\" \/>\n<meta property=\"og:url\" content=\"https:\/\/www.ecologieprovence.org\/index.php\/les-virus-et-nous\/\" \/>\n<meta property=\"og:site_name\" content=\"Maison Ecologie Provence\" \/>\n<meta property=\"article:publisher\" content=\"https:\/\/www.facebook.com\/maisonecologieprovence\/\" \/>\n<meta property=\"article:modified_time\" content=\"2020-07-08T14:08:46+00:00\" \/>\n<meta property=\"og:image\" content=\"http:\/\/ecologieprovence.org\/wp-content\/uploads\/2020\/06\/logoVeN-vecteur-frances.png\" \/>\n<meta name=\"twitter:card\" content=\"summary_large_image\" \/>\n<meta name=\"twitter:label1\" content=\"Dur\u00e9e de lecture estim\u00e9e\" \/>\n\t<meta name=\"twitter:data1\" content=\"2 minutes\" \/>\n<script type=\"application\/ld+json\" class=\"yoast-schema-graph\">{\"@context\":\"https:\/\/schema.org\",\"@graph\":[{\"@type\":\"WebPage\",\"@id\":\"https:\/\/www.ecologieprovence.org\/index.php\/les-virus-et-nous\/\",\"url\":\"https:\/\/www.ecologieprovence.org\/index.php\/les-virus-et-nous\/\",\"name\":\"Les Virus et Nous &bull; Maison Ecologie Provence\",\"isPartOf\":{\"@id\":\"https:\/\/www.ecologieprovence.org\/#website\"},\"datePublished\":\"2020-06-05T12:14:58+00:00\",\"dateModified\":\"2020-07-08T14:08:46+00:00\",\"breadcrumb\":{\"@id\":\"https:\/\/www.ecologieprovence.org\/index.php\/les-virus-et-nous\/#breadcrumb\"},\"inLanguage\":\"fr-FR\",\"potentialAction\":[{\"@type\":\"ReadAction\",\"target\":[\"https:\/\/www.ecologieprovence.org\/index.php\/les-virus-et-nous\/\"]}]},{\"@type\":\"BreadcrumbList\",\"@id\":\"https:\/\/www.ecologieprovence.org\/index.php\/les-virus-et-nous\/#breadcrumb\",\"itemListElement\":[{\"@type\":\"ListItem\",\"position\":1,\"name\":\"Accueil\",\"item\":\"https:\/\/www.ecologieprovence.org\/\"},{\"@type\":\"ListItem\",\"position\":2,\"name\":\"Les Virus et Nous\"}]},{\"@type\":\"WebSite\",\"@id\":\"https:\/\/www.ecologieprovence.org\/#website\",\"url\":\"https:\/\/www.ecologieprovence.org\/\",\"name\":\"Maison Ecologie Provence\",\"description\":\"\",\"publisher\":{\"@id\":\"https:\/\/www.ecologieprovence.org\/#organization\"},\"potentialAction\":[{\"@type\":\"SearchAction\",\"target\":{\"@type\":\"EntryPoint\",\"urlTemplate\":\"https:\/\/www.ecologieprovence.org\/?s={search_term_string}\"},\"query-input\":\"required name=search_term_string\"}],\"inLanguage\":\"fr-FR\"},{\"@type\":\"Organization\",\"@id\":\"https:\/\/www.ecologieprovence.org\/#organization\",\"name\":\"Maison de L'Ecologie de Provence\",\"url\":\"https:\/\/www.ecologieprovence.org\/\",\"sameAs\":[\"https:\/\/www.linkedin.com\/company\/maison-de-l-ecologie-de-provence\",\"https:\/\/www.youtube.com\/channel\/UCLaOSLMkLPs5ge-JOo8-QeA\",\"https:\/\/www.facebook.com\/maisonecologieprovence\/\"],\"logo\":{\"@type\":\"ImageObject\",\"inLanguage\":\"fr-FR\",\"@id\":\"https:\/\/www.ecologieprovence.org\/#\/schema\/logo\/image\/\",\"url\":\"http:\/\/ecologieprovence.org\/wp-content\/uploads\/2019\/05\/v23-72-PPI.png\",\"contentUrl\":\"http:\/\/ecologieprovence.org\/wp-content\/uploads\/2019\/05\/v23-72-PPI.png\",\"width\":1004,\"height\":403,\"caption\":\"Maison de L'Ecologie de Provence\"},\"image\":{\"@id\":\"https:\/\/www.ecologieprovence.org\/#\/schema\/logo\/image\/\"}}]}<\/script>\n<!-- \/ Yoast SEO plugin. -->","yoast_head_json":{"title":"Les Virus et Nous &bull; Maison Ecologie Provence","robots":{"index":"index","follow":"follow","max-snippet":"max-snippet:-1","max-image-preview":"max-image-preview:large","max-video-preview":"max-video-preview:-1"},"canonical":"https:\/\/www.ecologieprovence.org\/index.php\/les-virus-et-nous\/","og_locale":"fr_FR","og_type":"article","og_title":"Les Virus et Nous &bull; Maison Ecologie Provence","og_description":"Depuis janvier 2020, une \u00e9pid\u00e9mie de Coronavirus (COVID-19) se propage \u00e0 travers tous les continents du monde. Apr\u00e8s avoir lanc\u00e9 \u00ab L\u2019Air et Moi \u00bb, un support p\u00e9dagogique destin\u00e9 aux enfants sur le th\u00e8me de la pollution de l\u2019air, la F\u00e9d\u00e9ration l&rsquo;Air et Moi lance \u00e0 pr\u00e9sent un tout nouveau programme de sensibilisation : Les&hellip; Lire la suite","og_url":"https:\/\/www.ecologieprovence.org\/index.php\/les-virus-et-nous\/","og_site_name":"Maison Ecologie Provence","article_publisher":"https:\/\/www.facebook.com\/maisonecologieprovence\/","article_modified_time":"2020-07-08T14:08:46+00:00","og_image":[{"url":"http:\/\/ecologieprovence.org\/wp-content\/uploads\/2020\/06\/logoVeN-vecteur-frances.png"}],"twitter_card":"summary_large_image","twitter_misc":{"Dur\u00e9e de lecture estim\u00e9e":"2 minutes"},"schema":{"@context":"https:\/\/schema.org","@graph":[{"@type":"WebPage","@id":"https:\/\/www.ecologieprovence.org\/index.php\/les-virus-et-nous\/","url":"https:\/\/www.ecologieprovence.org\/index.php\/les-virus-et-nous\/","name":"Les Virus et Nous &bull; Maison Ecologie Provence","isPartOf":{"@id":"https:\/\/www.ecologieprovence.org\/#website"},"datePublished":"2020-06-05T12:14:58+00:00","dateModified":"2020-07-08T14:08:46+00:00","breadcrumb":{"@id":"https:\/\/www.ecologieprovence.org\/index.php\/les-virus-et-nous\/#breadcrumb"},"inLanguage":"fr-FR","potentialAction":[{"@type":"ReadAction","target":["https:\/\/www.ecologieprovence.org\/index.php\/les-virus-et-nous\/"]}]},{"@type":"BreadcrumbList","@id":"https:\/\/www.ecologieprovence.org\/index.php\/les-virus-et-nous\/#breadcrumb","itemListElement":[{"@type":"ListItem","position":1,"name":"Accueil","item":"https:\/\/www.ecologieprovence.org\/"},{"@type":"ListItem","position":2,"name":"Les Virus et Nous"}]},{"@type":"WebSite","@id":"https:\/\/www.ecologieprovence.org\/#website","url":"https:\/\/www.ecologieprovence.org\/","name":"Maison Ecologie Provence","description":"","publisher":{"@id":"https:\/\/www.ecologieprovence.org\/#organization"},"potentialAction":[{"@type":"SearchAction","target":{"@type":"EntryPoint","urlTemplate":"https:\/\/www.ecologieprovence.org\/?s={search_term_string}"},"query-input":"required name=search_term_string"}],"inLanguage":"fr-FR"},{"@type":"Organization","@id":"https:\/\/www.ecologieprovence.org\/#organization","name":"Maison de L'Ecologie de Provence","url":"https:\/\/www.ecologieprovence.org\/","sameAs":["https:\/\/www.linkedin.com\/company\/maison-de-l-ecologie-de-provence","https:\/\/www.youtube.com\/channel\/UCLaOSLMkLPs5ge-JOo8-QeA","https:\/\/www.facebook.com\/maisonecologieprovence\/"],"logo":{"@type":"ImageObject","inLanguage":"fr-FR","@id":"https:\/\/www.ecologieprovence.org\/#\/schema\/logo\/image\/","url":"http:\/\/ecologieprovence.org\/wp-content\/uploads\/2019\/05\/v23-72-PPI.png","contentUrl":"http:\/\/ecologieprovence.org\/wp-content\/uploads\/2019\/05\/v23-72-PPI.png","width":1004,"height":403,"caption":"Maison de L'Ecologie de Provence"},"image":{"@id":"https:\/\/www.ecologieprovence.org\/#\/schema\/logo\/image\/"}}]}},"_links":{"self":[{"href":"https:\/\/www.ecologieprovence.org\/index.php\/wp-json\/wp\/v2\/pages\/1348"}],"collection":[{"href":"https:\/\/www.ecologieprovence.org\/index.php\/wp-json\/wp\/v2\/pages"}],"about":[{"href":"https:\/\/www.ecologieprovence.org\/index.php\/wp-json\/wp\/v2\/types\/page"}],"author":[{"embeddable":true,"href":"https:\/\/www.ecologieprovence.org\/index.php\/wp-json\/wp\/v2\/users\/1"}],"replies":[{"embeddable":true,"href":"https:\/\/www.ecologieprovence.org\/index.php\/wp-json\/wp\/v2\/comments?post=1348"}],"version-history":[{"count":27,"href":"https:\/\/www.ecologieprovence.org\/index.php\/wp-json\/wp\/v2\/pages\/1348\/revisions"}],"predecessor-version":[{"id":1450,"href":"https:\/\/www.ecologieprovence.org\/index.php\/wp-json\/wp\/v2\/pages\/1348\/revisions\/1450"}],"wp:attachment":[{"href":"https:\/\/www.ecologieprovence.org\/index.php\/wp-json\/wp\/v2\/media?parent=1348"}],"curies":[{"name":"wp","href":"https:\/\/api.w.org\/{rel}","templated":true}]}}