{"id":53,"date":"2019-03-28T15:41:14","date_gmt":"2019-03-28T14:41:14","guid":{"rendered":"http:\/\/ecologieprovence.org\/index.php\/one-page-express\/"},"modified":"2020-02-26T16:07:02","modified_gmt":"2020-02-26T15:07:02","slug":"one-page-express","status":"publish","type":"page","link":"https:\/\/www.ecologieprovence.org\/","title":{"rendered":"Accueil"},"content":{"rendered":"<div  class=\"about-big-images-section\" id=\"about-1\" style=\"background-color: #ffffff;\" data-id=\"about-big-images-section\" data-category=\"about\" data-label=\"About\">\n<div >\n<div  class=\"about-big-images-textrow\">\n<div  class=\"about-big-images-textcol dynamic-color\" data-type=\"column\">\n<div  class=\"\"><\/div>\n<\/div>\n<\/div>\n<\/div>\n<div  class=\"about-big-images-bottomrow\">\n<div  class=\"about-big-images-rightimgcol\"><\/div>\n<\/div>\n<\/div><div  class=\"content-left-image-section\" id=\"content-3\" style=\"background-color: rgb(255, 255, 255);\" data-id=\"content-image-left\" data-category=\"content\" data-label=\"Content\">\n<div  class=\"gridContainer\">\n<div  class=\"row\">\n<div  class=\"content-left-image-imgcol\" data-type=\"column\"><img  src=\"http:\/\/ecologieprovence.org\/wp-content\/uploads\/2019\/04\/edulcalanques.jpg\" class=\"\"><\/div>\n<div  class=\"content-left-image-textcol dynamic-color\" data-type=\"column\">\n<h3  class=\"\"><span  style=\"color: #808080;\">Educalanques, un r\u00e9seau de sensibilisation \u00e0 la nature !<\/span><\/h3>\n<div  id=\"\" class=\"wpsestyles blockquotes\">Avec les Petits D\u00e9brouillards PACA, Terra Nostrum et le Naturoscope, la Maison de l\u2019Ecologie Provence encourage l\u2019\u00e9ducation \u00e0 l\u2019environnement, en sensibilisant tous les publics aux patrimoines du Parc national des Calanques.<\/div>\n<p  class=\"\">\u00a9 Cr\u00e9dit image : Le Naturoscope<\/p>\n<p  class=\"\"><a  class=\"button blue\" href=\"http:\/\/www.calanques-parcnational.fr\/fr\/des-actions\/sensibiliser-et-informer\/actions-deducation-lenvironnement\/projets-educalanques\" target=\"_self\" rel=\"noopener noreferrer\"> En savoir plus\u2026&nbsp;<\/a><\/p>\n<\/div>\n<\/div>\n<\/div>\n<\/div><div  class=\"numbers-section\" id=\"numbers\" data-id=\"numbers-section\" data-parallax-depth=\"20\" data-category=\"numbers\" data-label=\"Numbers\" data-bg=\"transparent\">\n<div  class=\"gridContainer\">\n<div  class=\"flexbox-list flexbox-list-align-center row\">\n<div  class=\"cta-blue-textcol dynamic-color\">\n<h2  class=\"cta-blue-text\"><b >Contactez-nous !<\/b><\/h2>\n<\/div>\n<div  class=\"cta-blue-btncol\"><a  class=\"button big yellow dark-text\" href=\"http:\/\/ecologieprovence.org\/index.php\/contact\" target=\"_self\" rel=\"noopener noreferrer\">Acc\u00e9der au formulaire<\/a><\/div>\n<\/div>\n<\/div>\n<\/div>","protected":false},"excerpt":{"rendered":"<p>Educalanques, un r\u00e9seau de sensibilisation \u00e0 la nature ! Avec les Petits D\u00e9brouillards PACA, Terra Nostrum et le Naturoscope, la Maison de l\u2019Ecologie Provence encourage l\u2019\u00e9ducation \u00e0 l\u2019environnement, en sensibilisant tous les publics aux patrimoines du Parc national des Calanques. \u00a9 Cr\u00e9dit image : Le Naturoscope En savoir plus\u2026&nbsp; Contactez-nous ! Acc\u00e9der au formulaire<\/p>\n","protected":false},"author":1,"featured_media":0,"parent":0,"menu_order":0,"comment_status":"closed","ping_status":"closed","template":"","meta":[],"yoast_head":"<!-- This site is optimized with the Yoast SEO plugin v19.7.1 - https:\/\/yoast.com\/wordpress\/plugins\/seo\/ -->\n<title>Accueil &bull; Maison Ecologie Provence<\/title>\n<meta name=\"description\" content=\"La Maison de L&#039;Ecologie Provence oeuvre pour offrir aux g\u00e9n\u00e9rations futures un meilleur environnement. Notre \u00e9quipe a pour objectif de sensibiliser un maximum de personnes aux probl\u00e9matiques environnementales afin de lutter contre la d\u00e9gradation de notre plan\u00e8te.\" \/>\n<meta name=\"robots\" content=\"index, follow, max-snippet:-1, max-image-preview:large, max-video-preview:-1\" \/>\n<link rel=\"canonical\" href=\"https:\/\/www.ecologieprovence.org\/\" \/>\n<meta property=\"og:locale\" content=\"fr_FR\" \/>\n<meta property=\"og:type\" content=\"article\" \/>\n<meta property=\"og:title\" content=\"Accueil &bull; Maison Ecologie Provence\" \/>\n<meta property=\"og:description\" content=\"La Maison de L&#039;Ecologie Provence oeuvre pour offrir aux g\u00e9n\u00e9rations futures un meilleur environnement. Notre \u00e9quipe a pour objectif de sensibiliser un maximum de personnes aux probl\u00e9matiques environnementales afin de lutter contre la d\u00e9gradation de notre plan\u00e8te.\" \/>\n<meta property=\"og:url\" content=\"https:\/\/www.ecologieprovence.org\/\" \/>\n<meta property=\"og:site_name\" content=\"Maison Ecologie Provence\" \/>\n<meta property=\"article:publisher\" content=\"https:\/\/www.facebook.com\/maisonecologieprovence\/\" \/>\n<meta property=\"article:modified_time\" content=\"2020-02-26T15:07:02+00:00\" \/>\n<meta property=\"og:image\" content=\"http:\/\/ecologieprovence.org\/wp-content\/uploads\/2019\/04\/edulcalanques.jpg\" \/>\n<meta name=\"twitter:card\" content=\"summary_large_image\" \/>\n<script type=\"application\/ld+json\" class=\"yoast-schema-graph\">{\"@context\":\"https:\/\/schema.org\",\"@graph\":[{\"@type\":\"WebPage\",\"@id\":\"https:\/\/www.ecologieprovence.org\/\",\"url\":\"https:\/\/www.ecologieprovence.org\/\",\"name\":\"Accueil &bull; Maison Ecologie Provence\",\"isPartOf\":{\"@id\":\"https:\/\/www.ecologieprovence.org\/#website\"},\"datePublished\":\"2019-03-28T14:41:14+00:00\",\"dateModified\":\"2020-02-26T15:07:02+00:00\",\"description\":\"La Maison de L'Ecologie Provence oeuvre pour offrir aux g\u00e9n\u00e9rations futures un meilleur environnement. Notre \u00e9quipe a pour objectif de sensibiliser un maximum de personnes aux probl\u00e9matiques environnementales afin de lutter contre la d\u00e9gradation de notre plan\u00e8te.\",\"breadcrumb\":{\"@id\":\"https:\/\/www.ecologieprovence.org\/#breadcrumb\"},\"inLanguage\":\"fr-FR\",\"potentialAction\":[{\"@type\":\"ReadAction\",\"target\":[\"https:\/\/www.ecologieprovence.org\/\"]}]},{\"@type\":\"BreadcrumbList\",\"@id\":\"https:\/\/www.ecologieprovence.org\/#breadcrumb\",\"itemListElement\":[{\"@type\":\"ListItem\",\"position\":1,\"name\":\"Accueil\",\"item\":\"https:\/\/www.ecologieprovence.org\/\"},{\"@type\":\"ListItem\",\"position\":2,\"name\":\"Accueil\"}]},{\"@type\":\"WebSite\",\"@id\":\"https:\/\/www.ecologieprovence.org\/#website\",\"url\":\"https:\/\/www.ecologieprovence.org\/\",\"name\":\"Maison Ecologie Provence\",\"description\":\"\",\"publisher\":{\"@id\":\"https:\/\/www.ecologieprovence.org\/#organization\"},\"potentialAction\":[{\"@type\":\"SearchAction\",\"target\":{\"@type\":\"EntryPoint\",\"urlTemplate\":\"https:\/\/www.ecologieprovence.org\/?s={search_term_string}\"},\"query-input\":\"required name=search_term_string\"}],\"inLanguage\":\"fr-FR\"},{\"@type\":\"Organization\",\"@id\":\"https:\/\/www.ecologieprovence.org\/#organization\",\"name\":\"Maison de L'Ecologie de Provence\",\"url\":\"https:\/\/www.ecologieprovence.org\/\",\"sameAs\":[\"https:\/\/www.linkedin.com\/company\/maison-de-l-ecologie-de-provence\",\"https:\/\/www.youtube.com\/channel\/UCLaOSLMkLPs5ge-JOo8-QeA\",\"https:\/\/www.facebook.com\/maisonecologieprovence\/\"],\"logo\":{\"@type\":\"ImageObject\",\"inLanguage\":\"fr-FR\",\"@id\":\"https:\/\/www.ecologieprovence.org\/#\/schema\/logo\/image\/\",\"url\":\"http:\/\/ecologieprovence.org\/wp-content\/uploads\/2019\/05\/v23-72-PPI.png\",\"contentUrl\":\"http:\/\/ecologieprovence.org\/wp-content\/uploads\/2019\/05\/v23-72-PPI.png\",\"width\":1004,\"height\":403,\"caption\":\"Maison de L'Ecologie de Provence\"},\"image\":{\"@id\":\"https:\/\/www.ecologieprovence.org\/#\/schema\/logo\/image\/\"}}]}<\/script>\n<!-- \/ Yoast SEO plugin. -->","yoast_head_json":{"title":"Accueil &bull; Maison Ecologie Provence","description":"La Maison de L'Ecologie Provence oeuvre pour offrir aux g\u00e9n\u00e9rations futures un meilleur environnement. Notre \u00e9quipe a pour objectif de sensibiliser un maximum de personnes aux probl\u00e9matiques environnementales afin de lutter contre la d\u00e9gradation de notre plan\u00e8te.","robots":{"index":"index","follow":"follow","max-snippet":"max-snippet:-1","max-image-preview":"max-image-preview:large","max-video-preview":"max-video-preview:-1"},"canonical":"https:\/\/www.ecologieprovence.org\/","og_locale":"fr_FR","og_type":"article","og_title":"Accueil &bull; Maison Ecologie Provence","og_description":"La Maison de L'Ecologie Provence oeuvre pour offrir aux g\u00e9n\u00e9rations futures un meilleur environnement. Notre \u00e9quipe a pour objectif de sensibiliser un maximum de personnes aux probl\u00e9matiques environnementales afin de lutter contre la d\u00e9gradation de notre plan\u00e8te.","og_url":"https:\/\/www.ecologieprovence.org\/","og_site_name":"Maison Ecologie Provence","article_publisher":"https:\/\/www.facebook.com\/maisonecologieprovence\/","article_modified_time":"2020-02-26T15:07:02+00:00","og_image":[{"url":"http:\/\/ecologieprovence.org\/wp-content\/uploads\/2019\/04\/edulcalanques.jpg"}],"twitter_card":"summary_large_image","schema":{"@context":"https:\/\/schema.org","@graph":[{"@type":"WebPage","@id":"https:\/\/www.ecologieprovence.org\/","url":"https:\/\/www.ecologieprovence.org\/","name":"Accueil &bull; Maison Ecologie Provence","isPartOf":{"@id":"https:\/\/www.ecologieprovence.org\/#website"},"datePublished":"2019-03-28T14:41:14+00:00","dateModified":"2020-02-26T15:07:02+00:00","description":"La Maison de L'Ecologie Provence oeuvre pour offrir aux g\u00e9n\u00e9rations futures un meilleur environnement. Notre \u00e9quipe a pour objectif de sensibiliser un maximum de personnes aux probl\u00e9matiques environnementales afin de lutter contre la d\u00e9gradation de notre plan\u00e8te.","breadcrumb":{"@id":"https:\/\/www.ecologieprovence.org\/#breadcrumb"},"inLanguage":"fr-FR","potentialAction":[{"@type":"ReadAction","target":["https:\/\/www.ecologieprovence.org\/"]}]},{"@type":"BreadcrumbList","@id":"https:\/\/www.ecologieprovence.org\/#breadcrumb","itemListElement":[{"@type":"ListItem","position":1,"name":"Accueil","item":"https:\/\/www.ecologieprovence.org\/"},{"@type":"ListItem","position":2,"name":"Accueil"}]},{"@type":"WebSite","@id":"https:\/\/www.ecologieprovence.org\/#website","url":"https:\/\/www.ecologieprovence.org\/","name":"Maison Ecologie Provence","description":"","publisher":{"@id":"https:\/\/www.ecologieprovence.org\/#organization"},"potentialAction":[{"@type":"SearchAction","target":{"@type":"EntryPoint","urlTemplate":"https:\/\/www.ecologieprovence.org\/?s={search_term_string}"},"query-input":"required name=search_term_string"}],"inLanguage":"fr-FR"},{"@type":"Organization","@id":"https:\/\/www.ecologieprovence.org\/#organization","name":"Maison de L'Ecologie de Provence","url":"https:\/\/www.ecologieprovence.org\/","sameAs":["https:\/\/www.linkedin.com\/company\/maison-de-l-ecologie-de-provence","https:\/\/www.youtube.com\/channel\/UCLaOSLMkLPs5ge-JOo8-QeA","https:\/\/www.facebook.com\/maisonecologieprovence\/"],"logo":{"@type":"ImageObject","inLanguage":"fr-FR","@id":"https:\/\/www.ecologieprovence.org\/#\/schema\/logo\/image\/","url":"http:\/\/ecologieprovence.org\/wp-content\/uploads\/2019\/05\/v23-72-PPI.png","contentUrl":"http:\/\/ecologieprovence.org\/wp-content\/uploads\/2019\/05\/v23-72-PPI.png","width":1004,"height":403,"caption":"Maison de L'Ecologie de Provence"},"image":{"@id":"https:\/\/www.ecologieprovence.org\/#\/schema\/logo\/image\/"}}]}},"_links":{"self":[{"href":"https:\/\/www.ecologieprovence.org\/index.php\/wp-json\/wp\/v2\/pages\/53"}],"collection":[{"href":"https:\/\/www.ecologieprovence.org\/index.php\/wp-json\/wp\/v2\/pages"}],"about":[{"href":"https:\/\/www.ecologieprovence.org\/index.php\/wp-json\/wp\/v2\/types\/page"}],"author":[{"embeddable":true,"href":"https:\/\/www.ecologieprovence.org\/index.php\/wp-json\/wp\/v2\/users\/1"}],"replies":[{"embeddable":true,"href":"https:\/\/www.ecologieprovence.org\/index.php\/wp-json\/wp\/v2\/comments?post=53"}],"version-history":[{"count":53,"href":"https:\/\/www.ecologieprovence.org\/index.php\/wp-json\/wp\/v2\/pages\/53\/revisions"}],"predecessor-version":[{"id":1316,"href":"https:\/\/www.ecologieprovence.org\/index.php\/wp-json\/wp\/v2\/pages\/53\/revisions\/1316"}],"wp:attachment":[{"href":"https:\/\/www.ecologieprovence.org\/index.php\/wp-json\/wp\/v2\/media?parent=53"}],"curies":[{"name":"wp","href":"https:\/\/api.w.org\/{rel}","templated":true}]}}

<div  class="about-big-images-section" id="about-1" style="background-color: #ffffff;" data-id="about-big-images-section" data-category="about" data-label="About">
<div >
<div  class="about-big-images-textrow">
<div  class="about-big-images-textcol dynamic-color" data-type="column">
<div  class=""></div>
</div>
</div>
</div>
<div  class="about-big-images-bottomrow">
<div  class="about-big-images-rightimgcol"></div>
</div>
</div><div  class="content-left-image-section" id="content-3" style="background-color: rgb(255, 255, 255);" data-id="content-image-left" data-category="content" data-label="Content">
<div  class="gridContainer">
<div  class="row">
<div  class="content-left-image-imgcol" data-type="column"><img  src="http://ecologieprovence.org/wp-content/uploads/2019/04/edulcalanques.jpg" class=""></div>
<div  class="content-left-image-textcol dynamic-color" data-type="column">
<h3  class=""><span  style="color: #808080;">Educalanques, un réseau de sensibilisation à la nature !</span></h3>
<div  id="" class="wpsestyles blockquotes">Avec les Petits Débrouillards PACA, Terra Nostrum et le Naturoscope, la Maison de l’Ecologie Provence encourage l’éducation à l’environnement, en sensibilisant tous les publics aux patrimoines du Parc national des Calanques.</div>
<p  class="">© Crédit image : Le Naturoscope</p>
<p  class=""><a  class="button blue" href="http://www.calanques-parcnational.fr/fr/des-actions/sensibiliser-et-informer/actions-deducation-lenvironnement/projets-educalanques" target="_self" rel="noopener noreferrer"> En savoir plus…&nbsp;</a></p>
</div>
</div>
</div>
</div><div  class="numbers-section" id="numbers" data-id="numbers-section" data-parallax-depth="20" data-category="numbers" data-label="Numbers" data-bg="transparent">
<div  class="gridContainer">
<div  class="flexbox-list flexbox-list-align-center row">
<div  class="cta-blue-textcol dynamic-color">
<h2  class="cta-blue-text"><b >Contactez-nous !</b></h2>
</div>
<div  class="cta-blue-btncol"><a  class="button big yellow dark-text" href="http://ecologieprovence.org/index.php/contact" target="_self" rel="noopener noreferrer">Accéder au formulaire</a></div>
</div>
</div>
</div>

<p>Educalanques, un réseau de sensibilisation à la nature ! Avec les Petits Débrouillards PACA, Terra Nostrum et le Naturoscope, la Maison de l’Ecologie Provence encourage l’éducation à l’environnement, en sensibilisant tous les publics aux patrimoines du Parc national des Calanques. © Crédit image : Le Naturoscope En savoir plus…&nbsp; Contactez-nous ! Accéder au formulaire</p>

<!-- This site is optimized with the Yoast SEO plugin v19.7.1 - https://yoast.com/wordpress/plugins/seo/ -->
<title>Accueil &bull; Maison Ecologie Provence</title>
<meta name="description" content="La Maison de L&#039;Ecologie Provence oeuvre pour offrir aux générations futures un meilleur environnement. Notre équipe a pour objectif de sensibiliser un maximum de personnes aux problématiques environnementales afin de lutter contre la dégradation de notre planète." />
<meta name="robots" content="index, follow, max-snippet:-1, max-image-preview:large, max-video-preview:-1" />
<link rel="canonical" href="https://www.ecologieprovence.org/" />
<meta property="og:locale" content="fr_FR" />
<meta property="og:type" content="article" />
<meta property="og:title" content="Accueil &bull; Maison Ecologie Provence" />
<meta property="og:description" content="La Maison de L&#039;Ecologie Provence oeuvre pour offrir aux générations futures un meilleur environnement. Notre équipe a pour objectif de sensibiliser un maximum de personnes aux problématiques environnementales afin de lutter contre la dégradation de notre planète." />
<meta property="og:url" content="https://www.ecologieprovence.org/" />
<meta property="og:site_name" content="Maison Ecologie Provence" />
<meta property="article:publisher" content="https://www.facebook.com/maisonecologieprovence/" />
<meta property="article:modified_time" content="2020-02-26T15:07:02+00:00" />
<meta property="og:image" content="http://ecologieprovence.org/wp-content/uploads/2019/04/edulcalanques.jpg" />
<meta name="twitter:card" content="summary_large_image" />
<script type="application/ld+json" class="yoast-schema-graph">{"@context":"https://schema.org","@graph":[{"@type":"WebPage","@id":"https://www.ecologieprovence.org/","url":"https://www.ecologieprovence.org/","name":"Accueil &bull; Maison Ecologie Provence","isPartOf":{"@id":"https://www.ecologieprovence.org/#website"},"datePublished":"2019-03-28T14:41:14+00:00","dateModified":"2020-02-26T15:07:02+00:00","description":"La Maison de L'Ecologie Provence oeuvre pour offrir aux générations futures un meilleur environnement. Notre équipe a pour objectif de sensibiliser un maximum de personnes aux problématiques environnementales afin de lutter contre la dégradation de notre planète.","breadcrumb":{"@id":"https://www.ecologieprovence.org/#breadcrumb"},"inLanguage":"fr-FR","potentialAction":[{"@type":"ReadAction","target":["https://www.ecologieprovence.org/"]}]},{"@type":"BreadcrumbList","@id":"https://www.ecologieprovence.org/#breadcrumb","itemListElement":[{"@type":"ListItem","position":1,"name":"Accueil","item":"https://www.ecologieprovence.org/"},{"@type":"ListItem","position":2,"name":"Accueil"}]},{"@type":"WebSite","@id":"https://www.ecologieprovence.org/#website","url":"https://www.ecologieprovence.org/","name":"Maison Ecologie Provence","description":"","publisher":{"@id":"https://www.ecologieprovence.org/#organization"},"potentialAction":[{"@type":"SearchAction","target":{"@type":"EntryPoint","urlTemplate":"https://www.ecologieprovence.org/?s={search_term_string}"},"query-input":"required name=search_term_string"}],"inLanguage":"fr-FR"},{"@type":"Organization","@id":"https://www.ecologieprovence.org/#organization","name":"Maison de L'Ecologie de Provence","url":"https://www.ecologieprovence.org/","sameAs":["https://www.linkedin.com/company/maison-de-l-ecologie-de-provence","https://www.youtube.com/channel/UCLaOSLMkLPs5ge-JOo8-QeA","https://www.facebook.com/maisonecologieprovence/"],"logo":{"@type":"ImageObject","inLanguage":"fr-FR","@id":"https://www.ecologieprovence.org/#/schema/logo/image/","url":"http://ecologieprovence.org/wp-content/uploads/2019/05/v23-72-PPI.png","contentUrl":"http://ecologieprovence.org/wp-content/uploads/2019/05/v23-72-PPI.png","width":1004,"height":403,"caption":"Maison de L'Ecologie de Provence"},"image":{"@id":"https://www.ecologieprovence.org/#/schema/logo/image/"}}]}</script>
<!-- / Yoast SEO plugin. -->

La Maison de L'Ecologie Provence oeuvre pour offrir aux générations futures un meilleur environnement. Notre équipe a pour objectif de sensibiliser un maximum de personnes aux problématiques environnementales afin de lutter contre la dégradation de notre planète.
